{"id":12,"date":"2015-03-29T15:57:38","date_gmt":"2015-03-29T13:57:38","guid":{"rendered":"http:\/\/streetwork-wuerzburg.de\/?page_id=12"},"modified":"2026-02-14T14:47:00","modified_gmt":"2026-02-14T13:47:00","slug":"anlaufstelle-underground","status":"publish","type":"page","link":"https:\/\/streetwork-wuerzburg.de\/?page_id=12","title":{"rendered":"Anlaufstelle Underground"},"content":{"rendered":"<p>Seit 2001 nutzt die Streetwork R\u00e4umlichkeiten der Deutschen Bahn als Anlaufstelle in unmittelbarer Bahnhofsn\u00e4he.<br \/>\nJunge Menschen (Altersgrenze: 27 Jahre) finden im &#8222;Underground&#8220; an 6 Tagen in der Woche ehrenamtliche Mitarbeiter:innen, die sich f\u00fcr ihr Leben interessieren, die ihnen zuh\u00f6ren und ihnen Unterst\u00fctzung bei der Bew\u00e4ltigung ihres oft schwierigen Alltags anbieten.<br \/>\nDie Anlaufstelle wird ausschlie\u00dflich aus Spenden finanziert und lebt vom b\u00fcrgerschaftlichen Engagement der W\u00fcrzburger:innen. Nur mit Hilfe des pers\u00f6nlichen Einsatzes eines Teams ehrenamtlicher Mitarbeiter:innen und mit dem Beitrag eines Kreises von Menschen, die uns mit Sach- und Geldspenden unterst\u00fctzen, ist es m\u00f6glich, die Anlaufstelle in dieser Form zu betreiben.<\/p>\n<p><a href=\"https:\/\/streetwork-wuerzburg.de\/wp-content\/uploads\/2023\/05\/3.2.-Neue-Fensterfront.jpg\"><img loading=\"lazy\" decoding=\"async\" class=\"size-medium wp-image-540 alignright\" src=\"https:\/\/streetwork-wuerzburg.de\/wp-content\/uploads\/2023\/05\/3.2.-Neue-Fensterfront-300x300.jpg\" alt=\"\" width=\"300\" height=\"300\" srcset=\"https:\/\/streetwork-wuerzburg.de\/wp-content\/uploads\/2023\/05\/3.2.-Neue-Fensterfront-300x300.jpg 300w, https:\/\/streetwork-wuerzburg.de\/wp-content\/uploads\/2023\/05\/3.2.-Neue-Fensterfront-150x150.jpg 150w, https:\/\/streetwork-wuerzburg.de\/wp-content\/uploads\/2023\/05\/3.2.-Neue-Fensterfront-270x270.jpg 270w, https:\/\/streetwork-wuerzburg.de\/wp-content\/uploads\/2023\/05\/3.2.-Neue-Fensterfront-230x230.jpg 230w, https:\/\/streetwork-wuerzburg.de\/wp-content\/uploads\/2023\/05\/3.2.-Neue-Fensterfront.jpg 652w\" sizes=\"auto, (max-width: 300px) 100vw, 300px\" \/><\/a><a href=\"https:\/\/streetwork-wuerzburg.de\/wp-content\/uploads\/2023\/05\/IMG_1709-scaled.jpg\"><img loading=\"lazy\" decoding=\"async\" class=\"wp-image-539 size-medium alignright\" src=\"https:\/\/streetwork-wuerzburg.de\/wp-content\/uploads\/2023\/05\/IMG_1709-180x300.jpg\" alt=\"\" width=\"180\" height=\"300\" srcset=\"https:\/\/streetwork-wuerzburg.de\/wp-content\/uploads\/2023\/05\/IMG_1709-180x300.jpg 180w, https:\/\/streetwork-wuerzburg.de\/wp-content\/uploads\/2023\/05\/IMG_1709-615x1024.jpg 615w, https:\/\/streetwork-wuerzburg.de\/wp-content\/uploads\/2023\/05\/IMG_1709-768x1278.jpg 768w, https:\/\/streetwork-wuerzburg.de\/wp-content\/uploads\/2023\/05\/IMG_1709-923x1536.jpg 923w, https:\/\/streetwork-wuerzburg.de\/wp-content\/uploads\/2023\/05\/IMG_1709-1231x2048.jpg 1231w, https:\/\/streetwork-wuerzburg.de\/wp-content\/uploads\/2023\/05\/IMG_1709-scaled.jpg 1538w\" sizes=\"auto, (max-width: 180px) 100vw, 180px\" \/><\/a><\/p>\n<h4 style=\"text-align: left;\">Anlaufstelle &#8222;Underground&#8220;<\/h4>\n<p>Bahnhofplatz 4<br \/>\n97070 W\u00fcrzburg<\/p>\n<p>Tel. 0931-4652843<br \/>\nFax 0931-4652881<\/p>\n<h4>\u00d6ffnungszeiten<\/h4>\n<p>Montag bis Freitag von 14 Uhr &#8211; 17 Uhr<br \/>\nsamstags\u00a0\u00a0\u00a0\u00a0\u00a0\u00a0\u00a0\u00a0\u00a0\u00a0\u00a0\u00a0\u00a0\u00a0\u00a0\u00a0\u00a0\u00a0\u00a0\u00a0\u00a0 von 13 Uhr &#8211; 15 Uhr<\/p>\n<p><strong>Offene Sprechstunde<\/strong><\/p>\n<p>Montag bis Freitag von 11 Uhr &#8211; 12 Uhr<\/p>\n<h4>Lageplan<\/h4>\n<p>Die Anlaufstelle befindet sich am PKW-Parkplatz direkt am Hauptbahnhof neben der Autovermietung Sixt.<\/p>\n\n","protected":false},"excerpt":{"rendered":"<p>Seit 2001 nutzt die Streetwork R\u00e4umlichkeiten der Deutschen Bahn als Anlaufstelle in unmittelbarer Bahnhofsn\u00e4he. Junge Menschen (Altersgrenze: 27 Jahre) finden im &#8222;Underground&#8220; an 6 Tagen in der Woche ehrenamtliche Mitarbeiter:innen, die sich f\u00fcr ihr Leben interessieren, die ihnen zuh\u00f6ren und<\/p>\n","protected":false},"author":1,"featured_media":0,"parent":0,"menu_order":0,"comment_status":"closed","ping_status":"closed","template":"","meta":{"_exactmetrics_skip_tracking":false,"_exactmetrics_sitenote_active":false,"_exactmetrics_sitenote_note":"","_exactmetrics_sitenote_category":0,"footnotes":""},"class_list":["post-12","page","type-page","status-publish","hentry"],"_links":{"self":[{"href":"https:\/\/streetwork-wuerzburg.de\/index.php?rest_route=\/wp\/v2\/pages\/12","targetHints":{"allow":["GET"]}}],"collection":[{"href":"https:\/\/streetwork-wuerzburg.de\/index.php?rest_route=\/wp\/v2\/pages"}],"about":[{"href":"https:\/\/streetwork-wuerzburg.de\/index.php?rest_route=\/wp\/v2\/types\/page"}],"author":[{"embeddable":true,"href":"https:\/\/streetwork-wuerzburg.de\/index.php?rest_route=\/wp\/v2\/users\/1"}],"replies":[{"embeddable":true,"href":"https:\/\/streetwork-wuerzburg.de\/index.php?rest_route=%2Fwp%2Fv2%2Fcomments&post=12"}],"version-history":[{"count":11,"href":"https:\/\/streetwork-wuerzburg.de\/index.php?rest_route=\/wp\/v2\/pages\/12\/revisions"}],"predecessor-version":[{"id":826,"href":"https:\/\/streetwork-wuerzburg.de\/index.php?rest_route=\/wp\/v2\/pages\/12\/revisions\/826"}],"wp:attachment":[{"href":"https:\/\/streetwork-wuerzburg.de\/index.php?rest_route=%2Fwp%2Fv2%2Fmedia&parent=12"}],"curies":[{"name":"wp","href":"https:\/\/api.w.org\/{rel}","templated":true}]}}